764
In base 13, what is -3 + 64a3a4?
64a3a1
In base 2, what is -101 + 1000011000010000100111110011?
1000011000010000100111101110
In base 12, what is -176409 + -239?
-176646
In base 15, what is 87b09d9 + 1?
87b09da
In base 11, what is 3 - -4961085?
4961088
In base 7, what is 4113 + 112101?
116214
In base 11, what is 2780aa87 - -5?
2780aa91
In base 11, what is 55044 - 92?
54a62
In base 14, what is -4196d0 + 1?
-4196cd
In base 10, what is -7150 - -25680?
18530
In base 11, what is -87216a27 + 3?
-87216a24
In base 4, what is -2000023121 - -110?
-2000023011
In base 16, what is 1bd8e2ef + -3?
1bd8e2ec
In base 10, what is 0 + 373763839?
373763839
In base 12, what is -375a + 587?
-3193
In base 16, what is 72e - -e0?
80e
In base 9, what is 18108 + -2364?
15634
In base 13, what is 27 + -735827?
-735800
In base 10, what is -11053 + -2638?
-13691
In base 7, what is -153 + -16202156?
-16202342
In base 5, what is -2300343334233 - 2?
-2300343334240
In base 14, what is -4 - -58739?
58735
In base 8, what is 16640777 - 10?
16640767
In base 3, what is -102110111122100 + 2?
-102110111122021
In base 16, what is 3 + -18c4c0?
-18c4bd
In base 2, what is -11 - 1001000000010000000110?
-1001000000010000001001
In base 16, what is -1c05 + -88a2?
-a4a7
In base 10, what is 112 - 16670?
-16558
In base 6, what is 1143540022 + 11?
1143540033
In base 16, what is -8b7e - -9a8?
-81d6
In base 2, what is -100 - -1001001110101111000101?
1001001110101111000001
In base 7, what is -366436530 - -5?
-366436522
In base 6, what is -4543250530 - -5?
-4543250521
In base 9, what is 5032052 + 276?
5032338
In base 11, what is -9083395 - -11?
-9083384
In base 10, what is -11678861 + 5?
-11678856
In base 15, what is 11 - -306c08?
306c19
In base 3, what is -2202110012011101 + 10?
-2202110012011021
In base 10, what is 24540 + -140?
24400
In base 3, what is 1022201 - 1210110101?
-1202010200
In base 2, what is 11101011 - 1000111101101000?
-1000111001111101
In base 11, what is 10a692 - 1513?
10917a
In base 3, what is 100020 + -100201111212222?
-100201111112202
In base 11, what is 468a2 - -19a?
46a91
In base 9, what is -2433653411 + -1?
-2433653412
In base 14, what is -3147d0d + 5?
-3147d08
In base 12, what is 2 - 708a540?
-708a53a
In base 8, what is -5 + 345526555?
345526550
In base 14, what is 252c - 1541?
dcb
In base 2, what is -1100010 + 11110001101?
11100101011
In base 14, what is 0 - 6088065?
-6088065
In base 7, what is -3046 - -401560?
365511
In base 14, what is -5b8842 + 5?
-5b883b
In base 15, what is 86bc5 + -a2?
86b23
In base 11, what is -36485006 + 5?
-36485001
In base 11, what is 424768 + 984?
425641
In base 2, what is 110111100010000 - 110010001000?
110001010001000
In base 7, what is -254264244 - -5?
-254264236
In base 12, what is -41199116 - -4?
-41199112
In base 3, what is -1 + -10200021021210?
-10200021021211
In base 15, what is 9b79 - -5438?
100b2
In base 2, what is -10110011100 - -1111010011?
-111001001
In base 16, what is -78e - -964?
1d6
In base 3, what is 11210202220010 + -202?
11210202212101
In base 7, what is -116153426 - -16?
-116153410
In base 15, what is 2cba8 - -e6?
2cc9e
In base 13, what is -872544 - 15?
-872559
In base 2, what is -11001011101000110100000 + 111?
-11001011101000110011001
In base 9, what is -207310 - 5?
-207315
In base 9, what is 10 - -24271048?
24271058
In base 6, what is 1303 - -4224142?
4225445
In base 9, what is -305846 + -402?
-306348
In base 7, what is 113 - 1665424?
-1665311
In base 15, what is 0 - -3d6ec2?
3d6ec2
In base 16, what is -1207a4 - 14?
-1207b8
In base 15, what is -7 - 634d4b?
-634d53
In base 11, what is -2 + 13406545?
13406543
In base 8, what is -15322 - -373?
-14727
In base 8, what is 10754327 - -1?
10754330
In base 8, what is 1045745315 + 1?
1045745316
In base 5, what is -112303 - 443?
-113301
In base 4, what is -1 + 231023333121?
231023333120
In base 4, what is 3222100310 + -311?
3222033333
In base 14, what is db337 - 34?
db303
In base 16, what is 87 + -9e0ba?
-9e033
In base 3, what is 101210 - 12212200121011?
-12212200012101
In base 10, what is -4129494 + 98?
-4129396
In base 14, what is -266 - 28c9?
-2b51
In base 14, what is -27695 + -471?
-27b26
In base 11, what is -416850 - -1a6?
-416655
In base 8, what is -253 - -41231?
40756
In base 9, what is -4 + 14314757?
14314753
In base 9, what is -1 + 2826452?
2826451
In base 8, what is -1274474 - -7?
-1274465
In base 6, what is -3244353031 + -1?
-3244353032
In base 3, what is -112011222110101101 - -12?
-112011222110101012
In base 9, what is 36 + 256535?
256572
In base 10, what is -1449 - -269847?
268398
In base 11, what is 94 + -33201?
-33118
In base 14, what is c4c34 - -1?
c4c35
In base 11, what is -45 - 749101?
-749146
In base 14, what is 961051 - 7?
961048
In base 2, what is -1100011111000010101 + 1011?
-1100011111000001010
In base 16, what is 229687 - -2b?
2296b2
In base 10, what is 4 - 395204?
-395200
In base 9, what is 15 + 624466?
624482
In base 14, what is -8018cc5 - 4?
-8018cc9
In base 2, what is -11110111101010 + 1111000?
-11110101110010
In base 3, what is -221121020200211 + -2101?
-221121020210012
In base 12, what is 5b - 481641?
-4815a2
In base 2, what is 1000000011111110101111011 + -11?
1000000011111110101111000
In base 15, what is -135018 + -17?
-135030
In base 7, what is -1422126156 - -3?
-1422126153
In base 2, what is -10110101001101010101 + -1110?
-10110101001101100011
In base 13, what is 62546a20 + -3?
62546a1a
In base 16, what is -1710 - -1c41?
531
In base 4, what is -3021020332 - 3001?
-3021023333
In base 5, what is -20 - -411024022?
411024002
In base 2, what is 100 - 10010101101101010010101100?
-10010101101101010010101000
In base 5, what is -3141 + -13130111?
-13133302
In base 4, what is 303202 + -110310?
132232
In base 12, what is 1062 + 389?
142b
In base 14, what is 1744a62 + 4?
1744a66
In base 3, what is -211112201011 - -1211022?
-211110212212
In base 10, what is -26 + -5875585?
-5875611
In base 12, what is 254 - -336594?
336828
In base 14, what is 4c5 + 197c?
2063
In base 3, what is 10202 + 12210210112011?
12210210122220
In base 8, what is -1 + -360657?
-360660
In base 13, what is 62 + -58470?
-5840b
In base 10, what is -252 - -624175?
623923
In base 2, what is -110 + 101001111111010101?
101001111111001111
In base 5, what is 21042300 + -440?
21041310
In base 15, what is -d2d326 - 4?
-d2d32a
In base 4, what is 2011010033 + -301?
2011003132
In base 10, what is -11 + -8224997?
-8225008
In base 2, what is -100 - 100011001100000011010010?
-100011001100000011010110
In base 3, what is 212 - 112212101?
-112211112
In base 2, what is 1 + 101010111000100011001000?
101010111000100011001001
In base 8, what is -56 - 563307?
-563365
In base 8, what is -203 - 345064?
-345267
In base 5, what is -132040122 - -4300?
-132030322
In base 13, what is 2ba6c5 - -a?
2ba702
In base 7, what is -42123 + 332332?
260206
In base 10, what is -2162 + 21210?
19048
In base 7, what is 33645022 - 5?
33645014
In base 15, what is -58 + -1842?
-189a
In base 12, what is b125722 + 1?
b125723
In base 8, what is -340 + 1737211?
1736651
In base 13, what is 8290 - 383?
7c0a
In base 7, what is -31 - -15364245?
15364214
In base 16, what is b - -196ee16?
196ee21
In base 14, what is -4 + -3aa0ab?
-3aa0b1
In base 3, what is 2110002201010011 + -21?
2110002201002220
In base 10, what is 1701 - 3554?
-1853
In base 9, what is 284 + 375776?
376171
In base 15, what is 615690 + 9?
615699
In base 13, what is -7b3 + -44bc?
-4ca2
In base 11, what is -26152222 + 1?
-26152221
In base 14, what is 9813a50 + 1?
9813a51
In base 3, what is 1100200200 + -11121220?
1012001210
In base 14, what is 59b - b2557?
-b1d9a
In base 3, what is -1110000010 - -221110?
-1102001200
In base 7, what is 3 + 2625053330?
2625053333
In base 16, what is -24ccaa - -3?
-24cca7
In base 7, what is -116315266 - 10?
-116315306
In base 13, what is 54088 + 43?
540cb
In base 4, what is -3320021120 + -100?
-3320021220
In base 8, what is 35246516 + -4?
35246512
In base 2, what is -100000011 - -11000111110?
10100111011
In base 3, what is 1010012002 - -11201012?
1021220021
In base 11, what is -11 - 781aa30?
-781aa41
In base 10, what is 0 + -1785103?
-1785103
In base 4, what is 1103013033 - 11210?
1103001223
In base 16, what is 2 - 6753bcf?
-6753bcd
In base 7, what is 